se 7) to base 11.
-2018588
-1000321133 (base 4) to base 11
-171798
Convert -1000111100001001111 (base 2) to base 8.
-1074117
What is 198018 (base 10) in base 9?
331560
Convert 14034 (base 5) to base 8.
2170
What is -21002232011 (base 4) in base 10?
-2370437
Convert -770b11 (base 13) to base 6.
-140010523
1797088 (base 10) to base 16
1b6be0
What is -1024343 (base 11) in base 14?
-350533
What is -1aa863b (base 12) in base 13?
-1245a67
Convert 1262007 (base 8) to base 10.
353287
-43404002 (base 5) to base 11
-234855
What is -102001111221 (base 3) in base 10?
-217618
-100101000010011110101001 (base 2) to base 7
-145346345
-ab3bc (base 15) to base 7
-4424445
75070 (base 10) to base 11
51446
Convert 1331322 (base 8) to base 12.
160156
What is -403383 (base 9) in base 15?
-4aad6
1023210203 (base 4) to base 16
4b923
What is 2051260 (base 7) in base 12?
bb48a
What is 284c4c (base 15) in base 10?
1940022
What is 9a85c (base 14) in base 4?
1123200302
Convert -6757270 (base 8) to base 11.
-10382a4
Convert 22022010321 (base 4) to base 13.
722c91
What is 62467042 (base 8) in base 6?
1152202454
What is -9260a (base 15) in base 7?
-3640666
130103 (base 4) to base 7
5165
Convert 6543ca (base 13) to base 11.
1386169
-2371a7 (base 11) to base 10
-375580
Convert 793719 (base 10) to base 13.
21a374
422444044 (base 5) to base 13
49a7b7
What is 297b5 (base 16) in base 12?
823b1
-27274b (base 13) to base 11
-5983a8
Convert -838bbd (base 14) to base 6.
-235113203
41334462 (base 7) to base 5
1342033212
Convert 15257005 (base 8) to base 9.
6520565
Convert -b23d7 (base 14) to base 12.
-188209
What is 24482 (base 11) in base 5?
2111210
10001111100100100010101 (base 2) to base 14
8a66a1
12002010210221 (base 3) to base 8
12230126
What is -e2bb (base 16) in base 10?
-58043
554525 (base 8) to base 2
101101100101010101
Convert 1309c5 (base 15) to base 13.
25ca12
What is -2364261 (base 9) in base 8?
-4710740
What is -100210021102 (base 3) in base 16?
-2f090
Convert -84f23 (base 16) to base 13.
-160b23
-2220021021 (base 3) to base 7
-325231
What is -34742565 (base 8) in base 3?
-112021110200000
Convert 625408 (base 10) to base 9.
1152807
Convert 603a32 (base 15) to base 11.
2640569
Convert 26460 (base 13) to base 8.
212622
101103105 (base 6) to base 14
33229b
What is -16a528 (base 11) in base 13?
-92838
What is -106600510 (base 7) in base 13?
-1491343
-c93d64 (base 15) to base 6
-541205421
What is -101023310 (base 4) in base 9?
-116488
What is -14387b (base 15) in base 14?
-1b4cd6
Convert -2c07956 (base 13) to base 6.
-1222434345
230d7 (base 16) to base 5
14043300
Convert 4a4b75 (base 14) to base 5.
1123024231
What is 1411563 (base 7) in base 3?
100112202200
Convert 1065666 (base 9) to base 14.
10d794
Convert 990228 (base 10) to base 11.
616a78
Convert -1021321333 (base 4) to base 16.
-49e7f
What is 241026230 (base 7) in base 8?
71014062
138445 (base 11) to base 13
77504
What is -43240411 (base 5) in base 3?
-200201010012
123211123 (base 4) to base 8
334533
What is 2a5053a (base 12) in base 3?
121010010121101
Convert 13329 (base 11) to base 13.
8879
What is 20113312 (base 5) in base 16?
272c9
303244525 (base 6) to base 5
2312404423
Convert -166ba0 (base 12) to base 16.
-5e128
Convert 119b79 (base 15) to base 11.
526371
-55011 (base 13) to base 15
-30889
Convert -3120121332 (base 4) to base 15.
-127983
What is -111021222220012 (base 3) in base 8?
-32751011
Convert -30304002 (base 6) to base 14.
-186c26
-77383 (base 11) to base 8
-333202
141511 (base 8) to base 12
24b21
Convert 2056026 (base 7) to base 4.
330320211
-22465840 (base 9) to base 15
-e57326
Convert 20000022112202 (base 3) to base 6.
152251032
Convert 2cfbb (base 16) to base 9.
310663
-152900 (base 10) to base 16
-25544
15305530 (base 7) to base 12
5a73ba
12300404 (base 5) to base 11
8132a
Convert -50324343 (base 7) to base 3.
-21212002022200
122111001 (base 4) to base 15
21e46
-4370 (base 11) to base 4
-1122010
Convert -113506 (base 11) to base 6.
-3510412
What is -318221 (base 11) in base 6?
-14523043
646372 (base 8) to base 15
4415e
Convert -266a563 (base 11) to base 8.
-21456272
What is a839b (base 15) in base 2?
10000010011000110111
169a3 (base 15) to base 5
4314203
Convert -11203402 (base 6) to base 3.
-122102102102
Convert -3433434 (base 5) to base 3.
-10010200211
What is -da27 (base 14) in base 11?
-26333
-284434 (base 12) to base 2
-10100011110101101000
What is -1254225 (base 7) in base 9?
-271003
Convert 60b82 (base 14) to base 11.
149976
Convert -2478a0 (base 12) to base 15.
-baed6
Convert 11828ab (base 12) to base 5.
1332433233
Convert -1033002030 (base 4) to base 14.
-85d92
-1101101001011110001 (base 2) to base 5
-103302332
What is -102add (base 15) in base 12?
-310947
What is -a8871 (base 14) in base 15?
-80c54
What is -31300231 (base 4) in base 14?
-16781
-68057 (base 10) to base 2
-10000100111011001
Convert 2000121001212 (base 3) to base 4.
10012112210
-3208a (base 13) to base 12
-4423b
What is 31620014 (base 8) in base 9?
13640716
Convert -196a78 (base 14) to base 9.
-1624401
-1cb56 (base 15) to base 12
-46269
What is 112112310220 (base 4) in base 14?
ac7b3a
What is -117456 (base 8) in base 5?
-2301000
Convert -305513 (base 8) to base 14.
-28c43
11231240 (base 5) to base 6
2104314
What is 34ca84 (base 13) in base 10?
1256285
What is 107dc6 (base 14) in base 15?
b0cbe
What is 300321231233 (base 4) in base 15?
11d34ab
What is -1000021211020 (base 3) in base 4?
-2003020320
What is 788822 (base 9) in base 3?
212222220202
-c2a192 (base 13) to base 6
-241110520
23c5c (base 14) to base 5
10244443
-23455 (base 13) to base 8
-175713
Convert 181ed (base 16) to base 3.
12000112011
3794b (base 13) to base 6
2111114
What is -21131512 (base 6) in base 8?
-2270144
What is -100102021101010 (base 3) in base 14?
-943cdc
What is -144466610 (base 7) in base 15?
-c9d6e2
What is 2340a0 (base 14) in base 16?
12575c
Convert -1c60294 (base 13) to base 14.
-1381566
What is -4963cd (base 14) in base 16?
-265d61
186236d (base 14) to base 16
b827bd
Convert -12014443411 (base 5) to base 16.
-d2ff8d
What is -1647471 (base 8) in base 15?
-96e08
Convert 130231001 (base 4) to base 7.
666524
What is -30165 (base 12) in base 4?
-33033131
What is 1123131132 (base 4) in base 11?
236506
-26223283 (base 9) to base 15
-11e8b03
What is -483434 (base 9) in base 3?
-112210111011
What is -110011011011100100010 (base 2) in base 12?
-693342
What is -71426 (base 8) in base 5?
-1420322
-44430041 (base 8) to base 10
-9580577
What is 1428e9 (base 16) in base 8?
5024351
What is 1000013332 (base 4) in base 8?
1000776
What is -80437 (base 10) in base 15?
-18c77
What is -28408a (base 12) in base 14?
-13653c
What is -19c8216 (base 14) in base 7?
-214152126
What is -134110331 (base 5) in base 7?
-5606400
-101132120 (base 4) to base 15
-1631b
What is -44144144 (base 7) in base 6?
-213142252
What is -14554123 (base 7) in base 12?
-571401
Convert -1737302 (base 8) to base 4.
-1323323002
What is -100011100010111011 (base 2) in base 11?
-9a42a
-632ca (base 15) to base 16
-4cc93
Convert 23030132 (base 5) to base 4.
302003302
What is 2082 (base 9) in base 5?
22112
What is -110000000011001000101 (base 2) in base 11?
-985a16
Convert 41442213 (base 7) to base 4.
31103322213
Convert 203517 (base 8) to base 3.
10102110120
What is 21210211010 (base 3) in base 12?
74b33
What is -1580f6 (base 16) in base 15?
-1cc865
-b122 (base 13) to base 12
-12124
-111111101011001100 (base 2) to base 5
-31321222
-1754d4 (base 14) to base 12
-337442
What is 1100212212 (base 3) in base 8?
64410
Convert -138068 (base 9) to base 16.
-14a92
34a9b2 (base 15) to base 10
2516567
Convert -1031113123 (base 6) to base 4.
-221313023223
What is 31340042 (base 5) in base 6?
5340253
Convert 20b072 (base 13) to base 5.
144014341
What is 12a980 (base 11) in base 7?
1512100
-50b7a (base 13) to base 2
-100011010101111101
What is 110000011111011100001 (base 2) in base 16?
183ee1
ddd8 (base 15) to base 8
133633
30bcc9 (base 15) to base 8
10657473
-143567 (base 9) to base 7
-514255
10111101100001101000 (base 2) to base 11
490274
What is 100110100100100000010100 (base 2) in base 7?
151641060
191684 (base 10) to base 3
100201221102
-332323011 (base 4) to base 9
-432480
136498 (base 11) to base 8
641057
-f89